Let b(j) = -80*j + 2. Let i be b(-2). Suppose -2*k - 317 = -5*q - 73, -i = -3*q - 4*k. Let z = q + -35. What is the highest common divisor of 30 and z?
15
Let s be -30*(1/1 - 10/4). Calculate the highest common factor of s and 10.
5
Let s = -239 - -349. What is the greatest common divisor of s and 10?
10
Let r = 34 - 19. Suppose -7*d + 735 = -105. What is the highest common factor of r and d?
15
Suppose -24 + 3 = -7*i. Suppose 3*t - 65 = -z, z - i*t - 90 = -t. Calculate the greatest common divisor of 10 and z.
10
Suppose 92 = 4*l + 4*j, -35 = -2*l + 4*j - 19. What is the highest common factor of 1314 and l?
18
Let u be 1 + (-8 - -12) + 2/2. Calculate the greatest common factor of u and 129.
3
Suppose -48 = 2044*g - 2050*g. Calculate the greatest common factor of 28 and g.
4
Suppose n - 12 = 5*n. Let t be 3/((n + 2)/(-1)). Suppose t*o - 63 = 3. What is the highest common factor of 55 and o?
11
Let m = -38 + 70. Suppose 4*h = 4*t + 96, -2*t = 2*h + 10 - 66. Let z = 34 - h. Calculate the highest common factor of m and z.
8
Suppose 0 = 2*y + 3*q - 3, y - q = 4*q - 18. Suppose -2*p = -0*p + 16. Let r = y - p. Calculate the highest common factor of r and 25.
5
Let j be 0 - -1 - (-73 - -2). Suppose h - 14 = -2*s, -5*h - 3*s + 0*s = -35. Suppose -192 = -h*z - 0*z. What is the highest common factor of z and j?
24
Suppose i - 34 = -3*i + 2*m, 3*i - 26 = 2*m. What is the greatest common factor of 40 and i?
8
Let x(b) = -7*b**2 - 9*b - 10. Let j be x(-6). Let k be 78/j*-2*4. What is the highest common divisor of k and 27?
3
Suppose h - 5*h + 2*k = -138, 3*k = h - 47. Suppose -19 = y - h. What is the highest common divisor of 13 and y?
13
Let u be (-2)/((-18)/(-27)) + 7. What is the greatest common factor of 36 and u?
4
Suppose -3 = -8*b + 21. Suppose -k - 3 = -0. Let d = k - -24. What is the greatest common divisor of d and b?
3
Suppose -25*x = -220 + 145. What is the highest common divisor of 8 and x?
1
Suppose -43*d - 884 = -47*d. Calculate the greatest common divisor of 39 and d.
13
Let u(g) be the first derivative of -g**3/3 - 13*g**2/2 - 10*g - 3. Let w be u(-12). Calculate the greatest common divisor of 1 and w.
1
Let a = 46 + -46. Let x(m) = -m**2 - 2*m + 168. Let h be x(a). What is the highest common factor of h and 21?
21
Suppose 783 = 2*o + 153. Let a(n) = n**2 - 76*n - 730. Let t be a(-9). Calculate the highest common factor of o and t.
35
Let m = -32 + 39. Suppose -4*i + 19 = n, -3*n + 2 = -m. Let u = -4 - -6. Calculate the greatest common divisor of u and i.
2
Let u be (20/3)/(2/6). Let z(j) = -j**3 + 49*j**2 - 50*j + 136. Let n be z(48). What is the greatest common divisor of u and n?
20
Suppose 5*g + 144 = 369. Let d = g - -131. Calculate the highest common factor of d and 22.
22
Let z(w) = -w + 2. Let u be z(-10). Suppose 2*r - 4*r = 5*o, 5*o = 3*r. Suppose o*j = 4*j - 432. What is the greatest common factor of j and u?
12
Let h(r) = 2*r**2 + 26*r - 560. Let f be h(13). Calculate the highest common factor of f and 20.
4
Suppose 2*j = -2*j - r + 95, 4*j - 5*r = 77. Let t be (-8)/6*-30 + 6. What is the highest common divisor of t and j?
23
Let i = 8 + -13. Let p(o) = -o**3 - 6*o**2 - 7*o - 7. Let f be p(i). Suppose 2*c - m = -2 + 5, f*c - 3 = 2*m. What is the highest common divisor of 21 and c?
3
Let k = 70 - 67. Suppose k*y - 35 = q, 50 = 4*y - 6*q + 3*q. What is the highest common factor of y and 121?
11
Let v(t) = -t**3 + 5*t**2 + t. Let q be v(3). Suppose -2*b = -10 - 0. Suppose 171 + 39 = b*k. What is the highest common divisor of k and q?
21
Let b(r) = -r**3 + r**2 + r + 3. Let q be (0*2/(-2))/(4/2). Let w be b(q). What is the highest common factor of w and 4?
1
Let t = -5 - -10. Suppose t*b = -5*k + 75, k = -4*k - 5. Let r be 2 + -1 + -2 - -49. What is the highest common divisor of r and b?
16
Suppose -5*r = -3*k - 27, 3*r - r - 5*k - 7 = 0. Let u = 3008 + -2993. What is the highest common factor of r and u?
3
Let n = 939 - 729. Calculate the greatest common divisor of 120 and n.
30
Suppose 17*z + 384 = 21*z. What is the greatest common divisor of z and 3?
3
Suppose -4*u + 515 = 4*b + 179, 2*u - 80 = -b. Suppose 0 = 3*p + 9, -3*l + 42 + 15 = 3*p. What is the greatest common factor of l and b?
22
Let x = 659 + -652. What is the highest common factor of 4 and x?
1
Suppose 4*d + 2*d - 54 = 0. Suppose -9*c + 12*c - d = 0. Calculate the greatest common factor of 39 and c.
3
Let k(w) = w + 5. Let g be k(-5). Suppose -z + 3*z - 78 = g. Suppose 2*b - 23 = -d, 0 = -5*d - 3*b + 58 + 22. What is the highest common divisor of z and d?
13
Let k = -262 - -751. Suppose 5*i - 2*a - k = 0, 0 = 3*i + 2*a - a - 300. Calculate the highest common divisor of i and 11.
11
Let q be -68*(117/36 + -4). Let c = -8 - -25. Calculate the highest common divisor of q and c.
17
Suppose 2*y + 110 = 7*y - 5*b, y - 22 = -b. Let u = 27 - y. Suppose -16 = -u*t + t. What is the highest common divisor of t and 4?
4
Suppose 97 = 3*g - 2*r - 494, 2*g = 5*r + 405. Suppose -6 + g = 7*o. Let j = 55 + -37. Calculate the greatest common divisor of j and o.
9
Let b(i) = 2*i**2 - 4*i + 3. Let m be 4/10 - (-64)/40. Let q be b(m). Suppose q*y - 32 = 31. What is the highest common factor of 84 and y?
21
Let m = -468 - -591. What is the greatest common factor of 164 and m?
41
Let y(x) = -10*x. Let u be y(-5). Suppose 21 = -2*i - 2*b + 111, -33 = -i - 4*b. Let r be (i/2 - 3/6) + -4. What is the highest common factor of u and r?
10
Let h = 37 - 9. Let f(s) = -146*s + 2632. Let y be f(18). Calculate the highest common factor of y and h.
4
Let x(r) = -r**2 + 4*r + 4. Suppose 0*y + 3*p + 18 = y, -3*y + 19 = -2*p. Suppose -3 = -y*u + 9. Let g be x(u). What is the highest common factor of g and 4?
4
Let t(i) = -2*i + 1. Let v be t(-1). Suppose -5*y = -h - 4*h + 150, y = -v*h + 82. What is the greatest common divisor of h and 7?
7
Suppose -10*v - 6*v = -5424. Calculate the greatest common divisor of 226 and v.
113
Suppose 0 = -2*x + 5 + 5. Let l be (-21)/(-5) + (-1)/5. Let f(y) = y**3 - 2*y**2 + y - 1. Let b be f(l). What is the highest common divisor of x and b?
5
Let w = -2738 - -2742. Calculate the highest common divisor of 212 and w.
4
Suppose -r = 3*z - 1047, -4*z + 4212 = 14*r - 10*r. What is the greatest common divisor of 66 and r?
66
Let l(f) = -2*f**3 + 7*f**2 + 19*f - 12. Let r be l(5). Calculate the greatest common factor of 256 and r.
8
Suppose 1191*n + 1120 = 1196*n. Calculate the greatest common factor of n and 32.
32
Let t = 953 - 1499. Let l be t/(-45) + (-4)/30. Let i = -61 - -97. What is the greatest common divisor of i and l?
12
Suppose f = 4*l - 1, 0*f = -f - 2*l + 11. Suppose -f*m + m + 12 = 0. Calculate the greatest common divisor of 16 and m.
2
Suppose 3*s + 2*y - 459 = -0*y, 3*s - 459 = 3*y. Let c(t) = 2*t**3 + t**2 - 2*t + 1. Let f be c(2). What is the greatest common factor of f and s?
17
Let w be (6/4)/((-3)/(-182)). Suppose 16*k = 8*k + 56. What is the greatest common divisor of w and k?
7
Suppose w + 2*w - 129 = 0. What is the highest common divisor of w and 301?
43
Let q be (-68)/(-170) - (-1436)/10. What is the greatest common factor of q and 252?
36
Let c be -1 - (29 - (-2 + 3)). Let h = c + 32. Calculate the highest common divisor of h and 3.
3
Let n(u) = 3*u - 14. Let i be n(6). Suppose 3*k - 19 = i*x, -3*k + 1 - 2 = x. What is the highest common factor of k and 4?
1
Suppose -4*q + 19 + 1 = 0. Suppose v + t = 5*t, -v + 5*t = q. Suppose -2*i = -3*d - 274, -563 = -3*i - 5*d - 133. What is the greatest common factor of i and v?
20
Let i(l) = 20*l + 14. Let g be i(-3). Let z = 49 + g. What is the greatest common factor of 6 and z?
3
Let m(a) = a**3 + 24*a**2 - 32*a - 153. Let n be m(-25). What is the greatest common divisor of 1958 and n?
22
Let s = 73 - -31. Suppose 2*q + 4 - 10 = -2*x, 4*x + 4 = 4*q. Suppose 5*u + 25 = 0, 4*z - 3*u + x = 68. What is the greatest common divisor of s and z?
13
Let t be (-29)/(((-8)/(-6))/(-4)). What is the greatest common divisor of t and 580?
29
Let r(c) = -c**3 - 28*c**2 - 50*c + 84. Let o be r(-26). Calculate the greatest common divisor of o and 272.
16
Let n be (-3 - 174/12)/((-1)/6). Calculate the highest common divisor of 10 and n.
5
Let h = 14 - 28. Let m(v) = 6 + 0 - v - 5. Let d be m(h). Calculate the greatest common 